-10 - ((-45 - -61) + -23))?
5
What is -2 - (10 - (1 + -3) - (-6 - (56 + -83)))?
7
Evaluate 36 + -71 + 17 + 0 + 16.
-2
What is 44 + (-25 - 5) + 46?
60
-25 - ((-27 - 6) + 39)
-31
What is the value of 30 + -4 - 1 - (1095 + -1056)?
-14
Evaluate (-53 - -83 - 92) + 135 + (-20 - -1).
54
Calculate -242 + 158 + 107 + 24.
47
(15 - (5 - -20)) + (-123 - (5 - -1 - 7))
-132
39 - (19 - (-58 - -77))
39
Calculate 59 - (52 + -18 + -6 - (13 + -1)).
43
Calculate -12 - -14 - -27 - 14 - (-42 - -56).
1
Calculate (-6 - (3 - 9)) + (-240 - -300).
60
(-6 - (31 + 13)) + 6 + 14
-30
14 + -4 + 2 + -1 + (33 - 32)
12
Calculate (-66 - -118) + (1 + 2 - (-3 + 28)).
30
Calculate (0 + -3 - -2 - (-23 - -30)) + (-12 - -9).
-11
Calculate -167 - -71 - (15 - 67).
-44
-3 + -11 + 6 + (-40 - -41)
-7
What is the value of -2 + (-50 + (36 - -3) - 22)?
-35
What is the value of 7 + 2 + (-5 - (26 + -11 - 50))?
39
0 - 108 - (-45 + (53 + 9 - 31))
-94
What is the value of -63 + 33 + (-15 + 26 - -140)?
121
What is the value of (-27 + 23 + -2 - (-11 + 7)) + (-3 - -1)?
-4
What is the value of -10 - (-3 + 5 + -114 + 16 - 3)?
89
112 - -1 - (2 + -29 - (-85 + (11 - -46)))
112
What is 0 - -94 - (236 + -67 + -146)?
71
Evaluate -6 + -9 - -47 - (-16 - (3 - 7)).
44
What is the value of -143 + 1 + 11 + -23 + 25 + -12 + 4?
-137
What is 57 - ((1 - -17) + (93 - 93))?
39
Calculate 14 - (21 + -22 + -6 - (3 + -63 + 2)).
-37
What is the value of -21 + 1 - (18 + 47 + -99)?
14
What is ((1 - -13) + -29 - -8 - (0 - 73)) + -3?
63
Calculate 5 + (3 - 2) + -4 + -286 + 262.
-22
What is 1 + -5 + -724 + 702?
-26
Evaluate -69 + 86 + (40 - 79).
-22
Calculate 10 + (1 - (7 + (-2 - -1))) + 51.
56
What is -66 - (-11 - (-57 - -89))?
-23
Evaluate -19 + 0 + -397 + 419 - (-4 + 2 + -79).
84
Calculate -42 - -102 - (109 + 14).
-63
Calculate -56 - (57 + 53 + -177).
11
5 - -32 - (-35 - (35 + -66))
41
Calculate (-35 - -1 - (-497 + 434)) + -2.
27
Calculate 32 - (15 - 33) - (3 + 11).
36
Evaluate (-1 - (20 + -28 - -12)) + 15 + (-69 - -1).
-58
What is 52 - (0 + 11 + 0 + (-21 - 13) + 22)?
53
Evaluate (40 - (197 - 71)) + -8.
-94
0 + -4 + 432 + -409
19
Evaluate (-1 - -1) + (23 + -68 - -22).
-23
(-206 - -224) + -10 + 0 + -20
-12
Evaluate 4 + -2 + (-12 - (13 + -40) - (-1 - -31)).
-13
Evaluate -29 + 25 - (-20 + 3) - (-97 + -17).
127
Evaluate -25 + (5 - 6) + (-13 - (-8 - 4)) + 2.
-25
What is 83 - (-52 - -39 - -54)?
42
(8 - (29 + -5)) + -23 + -12
-51
(2 - 17 - (-74 - -40 - -33)) + 11
-3
What is -19 - ((28 - 141) + 44)?
50
-17 + (0 + (15 - -3) + -26 - -155)
130
7 - (-17 - 0 - (-8 - (0 - (14 + -18))))
12
Calculate 33 - (0 + 24 - 22).
31
Evaluate -14 + (1 - -17) + 3 + -14 - -3.
-4
Evaluate 20 + (-25 - -41) + -3 + -24 - (0 - -7).
2
(-16 - (14 - (-2 + 23))) + 19
10
What is 1 + 30 + -8 - (-106 + 108)?
21
Evaluate -18 - -19 - 13 - (0 - (54 - -7)).
49
What is the value of 0 + 21 - (-36 + 205 + -113)?
-35
What is 9 - (-93 + 5) - (531 + -547)?
113
(-1 - (-3 - (1 + (5 - 11)))) + 31
28
What is the value of -18 + (20 - 19) - -49?
32
Evaluate 52 + -78 + (42 - 23).
-7
What is 1040 + -1035 + 1 + 12 + 1?
19
What is (20 - 42 - -41) + -72?
-53
-636 + 529 + (76 - -10)
-21
Calculate 7 - (1 - -2 - ((25 - (39 - -8)) + -26)).
-44
Evaluate -50 + 4 + -26 + 27 + 1.
-44
What is the value of -313 + 322 + (-4 - (4 + 1))?
0
What is the value of (42 - -26 - -11) + -54?
25
What is (23 + -5 - 14) + -43 - -25?
-14
What is 28 + -70 + 37 + 31 + -15?
11
What is 127 + -1 - (-2380 - -2551)?
-45
What is (-259 - -206) + (19 - (-2 + 5))?
-37
Evaluate (-9 - (0 + 2)) + -168 + 156.
-23
Evaluate 14 - (24 + (50 - 27)).
-33
-33 + 21 + 68 + -4 + (3 - 2) + 7
60
What is 141 + -59 - 95 - -13?
0
-586 + 571 - (5 - -19)
-39
-2 + -61 + (-3535 - -3546)
-52
Evaluate -2 + 9 + -96 + 95 + (-3 - 4) + -74.
-75
-1 + -40 + 1698 + -1660
-3
What is 11 - (-1 - -25) - -53 - (-4 + -1)?
45
Evaluate -20 + (-18 + 32 - 13 - (0 - 19)).
0
20 - (14 + -39 + (6 - -16))
23
What is the value of 247 - (129 + (-63 - -45))?
136
What is the value of (26 - (-19 + 62)) + 3 + -18?
-32
What is the value of (6 + 14 + 4 + -17 - (0 - -1)) + 46?
52
Calculate -49 + 54 + -40 - (-67 - 6).
38
Calculate (10 - 21) + (-134 - -144) + 1 + 4.
4
Evaluate -1 + 2 + (-2 - -9) + 26724 + -26695.
37
Evaluate 7 + -20 + 11 + 4 + -118 + 16.
-100
What is 20 - ((29 - -3) + -20 - (4 - -12))?
24
Evaluate -59 + (1 + 2 - ((122 - 26) + -88)).
-64
Calculate 55 + -115 + 158 - 51.
47
Calculate -18 + (2 - 5) + 4 - (63 - 56).
-24
What is -10 + (8 - ((6 - -29) + 4 - -13))?
-54
What is the value of 4 + 10 + (-17 - (20 - 11 - 7)) - -21?
16
Evaluate -12 + 43 + (-24 - -7) - 12.
2
What is the value of 43 - (89 + (-67 - -14))?
7
What is 1 + 0 + (-3 - 5) - (15 - 12)?
-10
What is (19 - (36 + -130)) + -181?
-68
What is -15527 + 15500 - (-1 + 52 - -1)?
-79
What is the value of 44 - (-10 - (53 + -114))?
-7
What is the value of -1 + -44 - (-98 + -97 - -33)?
117
What is -14 - (-28 + (8 - 24) + 25)?
5
What is the value of -10 - (26 - (61 - 84))?
-59
Calculate (-93 - 1) + 74 - (0 + -27).
7
-12 + 1 + 7 + (2 - -7) + (32 - 56)
-19
Calculate -8 - (22 - (112 - 55)).
27
What is the value of (10 - (117 - 12)) + -29 + 39?
-85
Evaluate 87 + -205 + 48 + 102.
32
Evaluate -12 + (4 - -71) - (-7 - -14 - -8).
48
-14 + 3 + (3 - (18 + -18))
-8
Evaluate 80 - (-39 + 70) - 21.
28
What is -22 - (-12 + (19 - 29)) - (3 + -10)?
7
What is the value of 51 + -48 - -1 - 16 - ((1 - 1) + 28)?
-40
-5 + (2 + 9 - 10 - -4) + 1 + 52
53
Calculate 4 + -17 + 9 - ((-102 - 2) + (159 - 141)).
82
Evaluate (110 - 122 - 42) + 47.
-7
What is the value of -19 + 60 + 129 + -162?
8
26 + (64 - (-50 - -183))
-43
Evaluate -1 + 71 + -55 + -12 + 70 + 1.
74
What is the value of -16 + -5 + 15 + 66 + -37?
23
Evaluate -1 + -8 - -1 - (-44 + 25 - -68).
-57
What is the value of 10 - 6 - -72 - (-30 + 21 + 13) - -6?
78
What is the value of -70355 + 70407 + (-1 + 1 - 21)?
31
What is the value of 8 + -71 + 30 + -8?
-41
Evaluate 16 - (-9 - -76) - (-13 - (-26 + -4)).
-68
Calculate (5663 - 5765) + (-1 - -53).
-50
What is the value of -6 - (4 - (16 - -61 - -2))?
69
Evaluate 0 + -70 + (24 - (-26 + 49) - 18).
-87
Evaluate -937 + 1027 - (5 + -1 + 9 + -4).
81
Calculate 8 + 60 + 69 + -95.
42
What is the value of -3 - (30 - 104 - -67)?
4
What is -149 + 95 + (-10 - 2)?
-66
Calculate -58 + (-10 - -11) + -13 + 8 + -2.
-64
Evaluate -46 + 61 + -5 - -52 - (-2 + 2 + -2).
64
Evaluate -23 + (3 - (-12 + 4)) - (9 + -4 - -2).
-19
What is the value of (40 - 11 - 46) + 55 + -7?
31
What is 5 - 13 - 145 - ((7 - (7 - 10)) + -17)?
-146
Calculate 456 + (-409 - 38) + 70 + (0 - 0) + -1.
78
76 + -1 + 537 + -596
16
What is (5 + (11 - 3) - 26) + 6 - 34?
-41
What is the value of 1 - -10 - ((-3 + 6 + -10 - 7) + 147)?
-122
-3396 + 3382 + (49 - 1)
34
What is the value of (13 + (12 - 35) - -8) + -2 + -28?
-32
-3 + -12 + 35 - 7
13
What is -49 - (-51 - -97 - 134)?
39
-17 + 19 - (8 - (28 + -32))
-10
What is the value of 1 + (-20 - -8 - 2) + 19?
6
(9 - 59) + (-2 - -16)
-36
What is the value of (42 - -66 - 17) + -6?
85
Calculate (0 - -12) + (26 - 67 - -21).
-8
Calculate -19 + 10 + (0 - 13) - 26.
-48
Calculate (-16 - 1) + (23 + -13 + -29 - -5).
-31
Evaluate 41 - (7 + -1 - -57).
-22
Calculate (-14 - -1 - (5 + -31)) + -4 + 21.
30
Calculate -16 - (-19 + (29 - (17 - 26))).
-35
What is the value of 13 + (-13 - 2) + 1 + 35?
34
-120 - -87 - (-19 + -2 + 59)
-71
Evaluate 22 + (-15 - -18 - 3) + (-1 - -1).
22
What is the value of -23 - (-23 + 16) - -18 - (49 + -3)?
-44
1 + -13 + 3 + 2 + (94 - 64)
23
Evaluate (6 + -17 - (86 + -93)) + 32.
28
(-1 - -7) + (11 - (-2 + -21) - 88)
-48
Calculate -1 + 34 - (-17 + 1 + 5 + -30 + 44).
30
48 + -4 - (615 - 541)
-30
Calculate -25 + 24 - -12 - 40 - -83.
54
(-3 + (-11 - -17) + -7 - 6) + 11
1
What is 5 + -8 + -6 - (-8 - 67 - 13)?
79
What is the value of (-125 - -36) + (-19 - ((17 - 26) + 11))?
-110
What is 0 + (0 - 47) - (35 + (-102 - -55))?
-35
Calculate -29 - -6 - (-60 + 15 + -7).
29
What is the value of 20 - (-4 + 10 + (7 - (-8 - -15)) + -5)?
19
Calculate 75 + (2 - 15) + (9 + -29 - -27).
69
What is 23 - 47 - (-15 - -33)?
-42
Calculate (-164 - -163) + -1 + 33 + 17.
48
What is (82 - -18) + -91 + -76?
-67
14 + 2 + 54 + -27
43
What is the value of 97 - ((137 - 25) + 15)?
-30
Calculate (-11 - -34) + (46 - 4) + -12.
53
Calculate -1 + -3 + 21 + (-102 + 8 - -105).
28
What is 0 + 